q?
2
Let s(k) = 516*k - 9. Let o be (-8)/(-6) + 6/(-18). What is the hundreds digit of s(o)?
5
Let c be 50/375 + (-5036)/(-30). Suppose 2*x - 6*x = -c. What is the units digit of x?
2
Let t = -734 + 769. Suppose 0 = t*n - 5224 - 8111. What is the units digit of n?
1
Let k be (-5)/((-15)/372) - 4. Suppose -2*g = -7*g + k. What is the units digit of 2/(-4) - (-1212)/g?
0
Let j = 48 + -48. Suppose j = 19*q - 22*q + 111. Suppose -x + 2*x = q. What is the units digit of x?
7
Let g = -27890 - -95356. What is the tens digit of g?
6
Let b(c) = -10*c + 105. Let q be b(-22). Suppose 2*m = 177 + q. What is the tens digit of m?
5
Suppose -13*n - 5*w = -10*n - 28097, 2 = -w. What is the units digit of n?
9
Let w(d) = 0*d - 1 + d + 19*d**2 - 21*d**2. Let p be w(6). Let k = p + 146. What is the tens digit of k?
7
Suppose 5*k + 3*m + 23 - 1058 = 0, 5*m = 3*k - 655. Suppose b + k = 2*w + 2*b, 4*b + 293 = 3*w. What is the hundreds digit of w?
1
Let n(u) = 4*u + 30. Let h be n(-7). Suppose h*b + 563 = 2*o + 5*b, b = -4*o + 1131. What is the tens digit of o?
8
Let p = -260 + 189. Let d(m) = -15*m + 7. Let r be d(-6). Let h = r - p. What is the tens digit of h?
6
Suppose 4*c - 52853 = -3*q, 2*c = -5*q + 60942 + 27151. What is the ten thousands digit of q?
1
Let y(v) = v**2 - 7*v - 3. Let d be y(8). Suppose -2*f + 1602 = f - d*l, -f - 5*l + 514 = 0. What is the hundreds digit of f?
5
Let p = -78278 - -115949. What is the ten thousands digit of p?
3
Let v(z) = 8*z**2 - 5*z + 27. Let h = 95 - 102. Let s(k) = -7*k**2 + 6*k - 26. Let u(g) = h*s(g) - 6*v(g). What is the hundreds digit of u(-10)?
2
Suppose 197*z + 381*z = 13307294. What is the tens digit of z?
2
Let s(m) = m**2 + 3*m + 24 + 0*m**2 - 9*m. Suppose 3292 = 11*l + 3402. What is the hundreds digit of s(l)?
1
Let f = 260 + -255. Suppose -16*v + 72 = -15*v + 5*d, -v = -f*d - 102. What is the units digit of v?
7
Suppose 3*r = r + 6. Suppose -5*c + 6*c + h = 1, -r*c - 4*h + 2 = 0. Suppose -44 = -c*j + 72. What is the units digit of j?
8
What is the thousands digit of 12/(-10) + (-185145344)/(-5120)?
6
Let o = -41 - 2. Suppose 2*z - 3*b - 30 - 71 = 0, -4*b - 150 = -3*z. Let h = z + o. What is the units digit of h?
3
Let c = -20664 + 47166. What is the tens digit of c?
0
What is the units digit of (42/(-231) - 399549/22)/((-32)/64)?
3
Let q = -19149 - -43318. What is the tens digit of q?
6
Let o = -624 + -181. Let f = -434 - o. What is the hundreds digit of f?
3
Let u(r) = 234*r**3 + 5*r**2 - 3*r - 6. What is the units digit of u(3)?
8
What is the tens digit of ((-978)/5)/(58/(-1305)) + 3/3?
0
Suppose 2*c - 56 = -3*t, -4*c + 3*c = t - 29. Suppose -q = 2*q - 462. Let a = q - c. What is the tens digit of a?
2
Let t = 49191 + -23550. What is the hundreds digit of t?
6
Let i(t) = -2*t**2 + 10*t - 1. Let b be i(5). Let s be (-2)/((-15)/(-10) + b). Let l(g) = -g**2 - 9*g - 18. What is the units digit of l(s)?
2
Let y be 63/24 - 3/(-8). Let m(n) = -3*n + 45. Let o be m(15). Suppose -4*q = w - 0*w - 76, o = 4*w - y*q - 247. What is the units digit of w?
4
Suppose 5*x - 3265 = 3*d, -2*x - 3273 = 3*d + x. Let v = d - -2479. What is the thousands digit of v?
1
Let g(m) = 31*m**2 - 28*m + 77. What is the units digit of g(-21)?
6
Suppose 0*k + c = -2*k - 81, -20 = -4*c. Let j = -108 - k. Let q = j + 150. What is the tens digit of q?
8
What is the thousands digit of ((-2988)/(-1245))/((-9)/(-32250))?
8
Let l(c) = 6*c + 33. Let g be l(-5). Suppose 0 = -g*n + 404 + 313. Suppose -23 - n = -2*r. What is the tens digit of r?
3
Let g(o) = -o**2 - o + 3. Let v be g(-6). Let y be 10/(-25) + v/(-5). Suppose -299 = -4*x + y*j, 3*x - 2*x + j = 68. What is the tens digit of x?
7
Let x(k) = 38*k + 88. Let d be x(-23). Let o = -498 - d. What is the tens digit of o?
8
Let h(x) = -x**2 - x + 2. Let f be h(0). Suppose -f*m = 15 + 5. What is the hundreds digit of ((-2)/12*m)/((-7)/(-525))?
1
Suppose 3120 = -2*f + 6*f. Let h = -248 + f. What is the tens digit of h?
3
Let a = 34 - 29. Suppose 3780 = -8*o + a*o. What is the tens digit of (o/(-50))/(2/5)?
6
Suppose 3*z - 5*v + 15 = -z, 9 = -z + 3*v. Suppose z = 60*p - 62*p + 298. What is the tens digit of p?
4
Let q(b) = -2*b**3 + 5*b**2 - 5*b - 1. Let c be q(4). Let r = c - -72. Suppose 13*m - r*m = 1700. What is the units digit of m?
0
Suppose -92*u + 1940035 = 61027. What is the thousands digit of u?
0
What is the hundreds digit of (33 - (-4704)/(-128))/(2/(-11864))?
2
Let o = -23 + 9. Let d(g) be the third derivative of g**6/120 + 7*g**5/30 - g**4/6 + g**3/3 + 42*g**2 - 1. What is the units digit of d(o)?
8
Suppose 482*y - 1599365 - 3902759 + 244468 = 0. What is the tens digit of y?
0
Suppose 2*u = 0, n - u = 6*n. Suppose 3*q - 7*q + 184 = n. Let p = 114 - q. What is the units digit of p?
8
Let l = 118 + -112. Let n(z) = 11*z**2 - 9*z - 11. What is the units digit of n(l)?
1
Suppose 5*z + 59 = 44. Let u(f) = -f**3 - f**2 - 6*f - 6. Let k be u(z). What is the hundreds digit of -2 + 0 - k/5*-26?
1
Let i(t) = -t**3 + t**2 + 12*t - 12. Let v be i(1). Suppose v = 736*d - 743*d + 301. What is the units digit of d?
3
Let p(j) be the third derivative of j**6/80 + 3*j**5/4 - j**4/4 + j**3/6 + 11*j**2. Let m(t) be the second derivative of p(t). What is the tens digit of m(21)?
7
Let c(p) = p**3 + p**2 - p - 2. Let n be c(2). Let w(b) = 4*b**2 + 6*b + 15. What is the units digit of w(n)?
9
Let g(d) = -d**3 + 7*d**2 + 6*d - 7. Let s be ((-463)/(-7) - -1) + (-13)/91. Let o = 63 - s. What is the units digit of g(o)?
5
What is the thousands digit of (21024 + 6)*(-8)/(-24)*3?
1
Let j(r) = -r. Let w(h) = 4*h**2 + 2. Let x(d) = 6*j(d) + 2*w(d). What is the hundreds digit of x(-5)?
2
Let t be ((2 - 1) + -7)*(-114)/228. Suppose -m - 28*i = -26*i - 123, -3*m + t*i = -342. What is the hundreds digit of m?
1
Suppose -67*u + 224*u = 8122866. What is the tens digit of u?
3
Let n(i) = 38*i**2 - 7*i + 6. Suppose 30*t - 24 = 38*t. What is the units digit of n(t)?
9
What is the hundreds digit of (-30)/(-70) - ((-106030)/14 + -5)*1?
5
Let l(s) = s**2 + 55*s + 114. What is the hundreds digit of l(54)?
0
Suppose -3*f - 115 = 5*t - 0*t, -65 = 2*t + 5*f. Let g be 4/(t/(-15))*2/(-2). What is the units digit of (-16)/(-12) + (-26)/g?
0
Let c = -2887 - -32784. What is the ten thousands digit of c?
2
Let y(f) = -f**3 - 105*f**2 + 428*f - 231. What is the units digit of y(-112)?
1
Suppose -129204 = 1181*s - 1193*s. What is the tens digit of s?
6
Let z(p) be the second derivative of -133*p**3/6 + 75*p**2/2 + 168*p. What is the tens digit of z(-7)?
0
What is the tens digit of (6638*2)/(((-720)/27)/(-20))?
5
Let c(p) = -33*p + 11. Let q be c(-13). Suppose -503 = -7*l - q. What is the units digit of l?
9
Let u = 23371 - -37672. What is the units digit of u?
3
Let u(p) = 2299*p**2 - 100*p + 278. What is the thousands digit of u(3)?
0
Let c be (-14)/(-77) + (-2 - 2/11). Let s(x) = -3*x**3 + x**2 + 4*x + 2. Let r be s(c). Let p = r + 9. What is the units digit of p?
1
Let p(m) = -31*m + 27. Let z be p(5). Let k = z - -398. What is the tens digit of k?
7
Let x(d) = 867*d**2 - 403*d - 1598. What is the units digit of x(-4)?
6
Let k = -27 - -34. Suppose -k*p + 14 = 77. What is the tens digit of (-858)/(-27) - p/((-405)/(-10))?
3
Suppose -6*w + 5*w + 368 = -2*y, 0 = 3*w + 12. Let l = 92 - y. What is the units digit of l?
8
Suppose 2*k - o = 2*o + 17185, o = -2*k + 17165. What is the thousands digit of k?
8
Let v = -2775 + 12204. What is the hundreds digit of v?
4
Let k = 34 - 31. Suppose 6*i - k*i = -1473. What is the units digit of 18/108 - i/6?
2
Suppose 2*t = 3*d - 302, 5*d - d = -3*t + 397. What is the hundreds digit of (-25)/(d/(-1224)) + 1?
3
What is the units digit of 118/59*(0 - -7049)?
8
Let b(r) = -30*r - 57. Let y be b(-2). Suppose -6*i - 3*w + 2746 = -i, -y*i - 2*w + 1648 = 0. What is the tens digit of i?
4
Suppose 0 = -315*j + 319*j. Suppose -3*p + 1301 + 355 = j. What is the tens digit of p?
5
Suppose 0*k + 50 = 5*k + 5*g, 3*g = -2*k + 20. Suppose -18*i = -k*i. Suppose -2*v + 2*u + 282 = i, 6*v - 2*u = 3*v + 418. What is the tens digit of v?
3
Suppose -24093 = -5*f - 2*x, -124*f + 3*x = -126*f + 9635. What is the hundreds digit of f?
8
Let t(m) = 14*m**2 + 89*m - 82. What is the tens digit of t(-12)?
6
Suppose -21 + 6 = -3*x. L